78997 a prime number?
False
Is 946484897 prime?
True
Is 1586872289 a composite number?
True
Is 194879929 prime?
False
Is 254183014633 composite?
False
Is 3687152023 prime?
True
Is 2451175121 a composite number?
True
Is 138568850219 prime?
True
Is 75324693299 composite?
True
Is 904739951 prime?
True
Is 24111734573 prime?
False
Is 19936247 a prime number?
True
Is 9843621349 prime?
False
Is 16965337271 a composite number?
False
Is 3782852431 composite?
True
Is 1029466057 composite?
False
Is 1470825269 composite?
False
Is 28911535469 composite?
True
Is 8336680967 composite?
False
Is 11903257583 prime?
False
Is 635373883 composite?
False
Is 2092929389 composite?
False
Is 1253763781 a prime number?
False
Is 927528179 prime?
True
Is 78943863535 composite?
True
Is 2720194283 prime?
False
Is 3915180977 a composite number?
False
Is 11187181087 composite?
False
Is 2496113791 composite?
True
Is 190585093 a prime number?
True
Is 13043663497 a prime number?
True
Is 5551705078 prime?
False
Is 82687584799 prime?
True
Is 4814989919 prime?
False
Is 21290188793 a prime number?
True
Is 310585637 a prime number?
False
Is 44566244453 composite?
False
Is 464327431 a composite number?
False
Is 26234026501 prime?
False
Is 122705729 a composite number?
True
Is 152221467271 prime?
False
Is 77203993 prime?
True
Is 257169653 a composite number?
True
Is 3992308183 a prime number?
True
Is 13759951547 prime?
True
Is 449828957 composite?
False
Is 287374277 composite?
False
Is 1961683727 composite?
True
Is 572169161 a prime number?
False
Is 2194290169 composite?
False
Is 10922406499 a composite number?
False
Is 315322831 a composite number?
True
Is 184957957 composite?
False
Is 13599736919 a composite number?
False
Is 14123447321 prime?
False
Is 1229245553 a prime number?
False
Is 13517523739 composite?
False
Is 5130823211 a composite number?
True
Is 1217114309 a prime number?
True
Is 89824104277 a composite number?
True
Is 106059992657 a prime number?
True
Is 534688547 a composite number?
True
Is 35769131179 a prime number?
True
Is 161487330603 prime?
False
Is 633462043 composite?
False
Is 90571523219 prime?
True
Is 54773767 composite?
True
Is 30668066063 composite?
False
Is 1481618933 a composite number?
False
Is 31240373387 a prime number?
False
Is 375802437266 a composite number?
True
Is 2719878067 a composite number?
False
Is 3118008373 a composite number?
True
Is 62569777637 a prime number?
True
Is 95203884739 composite?
True
Is 1583961619 a prime number?
False
Is 190287007 a prime number?
True
Is 117335691133 a prime number?
True
Is 989907481 a composite number?
True
Is 87373541 a composite number?
False
Is 447881345 a prime number?
False
Is 22126366243 prime?
True
Is 22282263373 a prime number?
True
Is 5597805683 a prime number?
True
Is 4985226667 composite?
True
Is 883082821 prime?
False
Is 270335609 a composite number?
False
Is 67906669 a composite number?
False
Is 6262370783 a composite number?
False
Is 36299293 composite?
False
Is 15190174291 a composite number?
True
Is 9026695361 composite?
False
Is 591841869 composite?
True
Is 718705291 prime?
False
Is 16573934733 prime?
False
Is 1953294767 composite?
False
Is 116434373 a prime number?
False
Is 61562070637 prime?
True
Is 450732787 a prime number?
True
Is 103737443 a composite number?
True
Is 16511030417 prime?
False
Is 81445853 a composite number?
False
Is 3185682559 a composite number?
True
Is 213367873 composite?
False
Is 17601706609 prime?
False
Is 505897429 a prime number?
True
Is 61702835413 prime?
False
Is 72707587 composite?
False
Is 120903953693 composite?
False
Is 568545253 prime?
True
Is 1650745373 a composite number?
True
Is 10433247791 prime?
True
Is 549354307 a composite number?
True
Is 3969320593 a prime number?
False
Is 1038728819 composite?
False
Is 27909711539 a composite number?
False
Is 1138020629 composite?
True
Is 41180604847 a prime number?
True
Is 15325177067 a composite number?
False
Is 2775400757 a prime number?
True
Is 705849577 prime?
False
Is 2741479441 a prime number?
False
Is 123082411 composite?
False
Is 3389611879 a prime number?
True
Is 1180925147 a prime number?
False
Is 1296691403 composite?
True
Is 50221832615 composite?
True
Is 66696350599 composite?
False
Is 1238695399 composite?
True
Is 2053654867 a prime number?
False
Is 13582565057 a prime number?
False
Is 2132667089 a composite number?
True
Is 17555368651 prime?
False
Is 986680441 composite?
False
Is 168135647 a prime number?
True
Is 10075430303 composite?
True
Is 3323377231 prime?
False
Is 1145834773 a composite number?
True
Is 20489363 prime?
True
Is 87019001 composite?
True
Is 3331683829 composite?
False
Is 8283547837 a composite number?
False
Is 509637598 prime?
False
Is 2434256267 a composite number?
True
Is 5460613867 composite?
True
Is 1466782999 a prime number?
False
Is 25197094189 composite?
True
Is 3088398367 a prime number?
False
Is 1385916839 a prime number?
True
Is 5735038069 composite?
True
Is 5366332169 composite?
True
Is 102478894309 a composite number?
True
Is 205749097 a composite number?
False
Is 15684427637 composite?
False
Is 6402731133 a composite number?
True
Is 20012413517 composite?
True
Is 3677730313 a prime number?
False
Is 11690569193 a prime number?
True
Is 49317650513 a composite number?
True
Is 1969754179 composite?
True
Is 784080883 composite?
True
Is 426370517 prime?
False
Is 3191188487 a composite number?
False
Is 3893031523 a prime number?
True
Is 33845372329 a prime number?
False
Is 32765614831 composite?
False
Is 154892620963 a prime number?
False
Is 172693781 composite?
True
Is 4049093219 composite?
True
Is 2399755007 a composite number?
True
Is 1118840314 a composite number?
True
Is 2659643749 composite?
True
Is 554261767 prime?
True
Is 1064858419 prime?
True
Is 142679654947 a composite number?
False
Is 812574779 a composite number?
False
Is 232000859 composite?
True
Is 1755559319 a composite number?
False
Is 7366360291 composite?
True
Is 21793617005 a prime number?
False
Is 59543825219 a composite number?
False
Is 3277592077 composite?
True
Is 4512367439 a prime number?
True
Is 169006907 a prime number?
True
Is 2825732857 prime?
False
Is 69982201459 a composite number?
True
Is 4700293333 composite?
True
Is 556813057 prime?
True
Is 197438281 a prime number?
True
Is 6508394317 a composite number?
True
Is 88358033203 prime?
False
Is 8293142063 prime?
True
Is 43948364711 a prime number?
False
Is 1233884653 prime?
False
Is 11062215767 prime?
True
Is 2299892083 composite?
True
Is 1197051627 composite?
True
Is 35436135593 a composite number?
False
Is 7158022435 a prime number?
False
Is 987554723 prime?
True
Is 30962023 a prime number?
True
Is 126775991 a composite number?
False
Is 12850241399 a prime number?
True
Is 96422733943 a prime number?
True
Is 662155391 prime?
False
Is 815518441 composite?
True
Is 2824516933 prime?
False
Is 3791300119 prime?
True
Is 714949357 composite?
True
Is 1302885757 a composite number?
False
Is 43924613831 a composite number?
True
Is 10163553703 composite?
False
Is 5543784649 composite?
True
Is 423894166913 a prime number?
False
Is 34410410453 a composite number?
False
Is 1447173491 a prime number?
False
Is 4744199969 a prime number?
True
Is 1057751243 composite?
False
Is 80788964897 a prime number?
True
Is 17011358197 a prime number?
False
Is 8087553613 a prime number?
True
Is 4874222449 a composite number?
False
Is 18380966273 composite?
True
Is 831790087 composite?
False
Is 13961798299 prime?
True
Is 23833780079 a prime number?
True
Is 124517453 a composite number?
True
Is 413787497 composite?
True
Is 33756685899 composite?
True
Is 9081757771 a prime number?
True
Is 877336769 a composite number?
False
Is 7399232669 composite?
False
Is 2016656069 a prime number?
True
Is 6183271513 composite?
False
Is 177470363 prime?
False
Is 2971571143 a prime number?
False
Is 7596481003 a composite number?
False
Is 499653159469 a prime number?
True
Is 4121397079 composite?
False
Is 354830479 prime?
False
Is 44554399 a prime number?
False
Is 1620985547 prime?
False
Is 8999864257 a composite number?
False
Is 37795671869 prime?
True
Is 944314139 composite?
False
Is 193718279351 composite?
True
Is 67329452461 prime?
True
Is 497981851 a composite number?
True
Is 442831393